.
-1
Let o be (-2 - -6 - 1) + -2. Let s be o/((-5)/(-90)*-3). Let h(w) = -3*w - 19. Let u be h(s). Let l(t) = 6*t**2 - t - 1. Determine l(u).
6
Suppose 6*h = 2*h + 16. Suppose -h = -5*j + 3*j. Let v(c) = 3*c**j - 2*c**3 - 4*c + 2 + c**2 + 0*c**3. Give v(2).
-6
Let r(p) = 1 + 0*p**2 - 9*p + 18*p + 5 + p**2. Let j be (-10)/30 + (-17)/3. Calculate r(j).
-12
Let u(m) = m**2 + 13*m + 4. Let w be u(-6). Let t = -33 - w. Let c(b) = -b**3 + 4*b**2 + 6*b - 7. What is c(t)?
-2
Let g(h) = -4 + 6 + 4*h - h**2 + 5 + 0*h**2. Give g(5).
2
Let a(b) = -15*b + 72. Let p(i) = 14*i - 61. Let t(r) = -6*a(r) - 7*p(r). Give t(-10).
75
Let s(a) = -a**3 + 3*a**2 + 5*a + 2. Suppose 13*h + 12 = 3*q + 9*h, 3*h = 0. Determine s(q).
6
Let i be 0 + 172/42 - 4/42. Let r(v) = -v**2 + 10*v - 9. What is r(i)?
15
Let z(n) be the first derivative of -1/2*n**2 + 2*n + 42. Give z(2).
0
Suppose -2*w + 0*w + 0*w = 0. Let u(o) = -o + 1. Let n = -9 - -15. Let i(h) = 1. Let s(j) = n*i(j) + u(j). Calculate s(w).
7
Let c(n) = -6*n. Let q(f) = 7*f + 1. Let k(m) = -m**2 + 4*m + 7. Let r be k(6). Let s(o) = r*q(o) - 6*c(o). Determine s(4).
-1
Suppose 3*z - 4*s - 22 = 2*z, -2*z = -3*s - 59. Let w(c) = -z - c**2 - c + 26 - c**3 - 6*c**2. What is w(-7)?
-1
Let z(m) = m**3 - 4*m**2 - 2*m - 7. Let w be z(5). Let f be (w/12)/((-1)/(-9)). Let s(y) = 8*y**2 - f*y + 7 - y**2 - 6*y**2. Determine s(5).
2
Let v(g) = -g - 2. Suppose 2*f = 3*a - 79, 0 = 5*a + 5*f + 5 - 145. Suppose 0 = -5*h + 3*l - 2*l - 15, a = -3*h - 3*l. Calculate v(h).
2
Let u be ((-70)/35)/((-2)/(-3))*-1. Let m(j) be the first derivative of 1/2*j**2 + u*j + 1. Determine m(-3).
0
Let m(s) = -2*s + 1. Let r be m(-2). Suppose r*b + 8 = 2*p, b = 5*p + 2*b - 20. Let f(n) = 14*n + n**3 - 8*n - 3 - 2*n**3 + 3*n**2. Calculate f(p).
5
Let z be 1/3 + (-44)/(-12). Let n(q) = q**3 - 4*q**2 + q - 1. Let m be n(z). Suppose -m*l = 3*w + 15, 5*l - w + 33 = 2*w. Let x(a) = a**2 + 8*a + 4. Give x(l).
-8
Let l(c) = 3*c - 19 + 13*c - 6*c - c**2. Let h be l(6). Let r(u) = -u**2 + 2*u + 6. What is r(h)?
-9
Let d(l) = -5*l**2 + 6*l - 3. Suppose -40 = -403*t + 393*t. What is d(t)?
-59
Let v(k) = -k**3 - 4*k**2 - 11*k + 2. Let r(j) = j**3 + 3*j**2 + 10*j - 2. Suppose 0 = -9*h - 25 - 38. Let l(t) = h*r(t) - 6*v(t). Let z = -1 - -4. Give l(z).
-10
Let u(h) = -5*h**2 - h. Let c be 4 - (4/1 + -32). Suppose -4*w + c = -2*w. Let d = 17 - w. Determine u(d).
-6
Let w = -43 - -51. Let a be (w/10)/((-8)/(-5) + -2). Let s(j) = -j - 2 + 0 - 3 + 4. Give s(a).
1
Let h(d) = -7*d**2 + 11*d - 1. Let t(v) = v**2 - v. Let z(a) = -h(a) - 6*t(a). Suppose -109 + 13 = -24*u. Give z(u).
-3
Let g be -6 + (-8 - (-40)/((-24)/(-6))). Let x(u) = u**3 + 5*u**2 + 3*u + 3. What is x(g)?
7
Let z(r) = -15*r**2 - 8*r + 3. Let s(v) = 23*v**2 + 12*v - 4. Let w(j) = -5*s(j) - 8*z(j). Let g(t) = t**2 + 1. Let p(x) = -4*g(x) + w(x). What is p(-6)?
4
Let q(a) = -4*a + 3. Let f(h) = -6*h + 5. Let u(o) = 5*f(o) - 7*q(o). Suppose -1 = 3*b + 14. Let j = -8 - b. Give u(j).
10
Let m(l) = -58*l + 2. Suppose 2*c - 3*n = -1, 18*n - 6 = -2*c + 14*n. Calculate m(c).
-56
Let q(t) = 2*t**3 - 17*t**2 - 8*t - 14. Let x(b) = b**3 - 8*b**2 - 4*b - 6. Let r(g) = -4*q(g) + 9*x(g). What is r(5)?
7
Let b be 8/((-10)/5) - -4. Let y(w) = 2*w - 30. Determine y(b).
-30
Let l = -79 + 79. Let x(n) = -12*n**2 + l*n**3 - 10*n + 17 - 24 + n**3 - 2*n. Determine x(13).
6
Let l = -725 + 725. Let v(r) be the third derivative of 0*r + l + 1/120*r**6 + 7*r**2 + 0*r**4 + 0*r**5 + 1/3*r**3. What is v(2)?
10
Let q be 5*((-4)/30)/(12/(-1818)). Suppose -q = 4*w - 77. Let a(v) = -v - 14. Determine a(w).
-8
Let k(z) = -2*z - 263 + 131 + 130 + z. Give k(-11).
9
Let j(l) be the third derivative of l**5/60 - l**4/24 - 2*l**3/3 - l**2. Suppose 13 = -y - 3. Let i = y + 16. Calculate j(i).
-4
Let h = -2 - 1. Let b(t) be the first derivative of t**2/2 + 2*t + 4. Let p(n) = n. Let v(x) = -b(x) - 4*p(x). Give v(h).
13
Let w(a) = -3*a**3 + 3*a**2 - 16*a + 1. Let n(y) = -2*y**3 + y**2 - 9*y. Let x(t) = 7*n(t) - 4*w(t). Calculate x(-4).
40
Let h(a) = a**2 + 7*a + 1. Let o = 1 + -1. Let u(z) = z**2 + 4*z + 12. Let y(p) = p**2 + 5*p + 14. Let n(l) = -4*u(l) + 3*y(l). Let d be n(o). Determine h(d).
-5
Let q(h) be the third derivative of h**5/60 - 7*h**4/24 + h**3/2 - 125*h**2. Calculate q(4).
-9
Let t(z) = -z**3 + 9*z**2 - 14*z + 3. Let w(v) = -v**2 - 10*v + 238. Let h be w(11). Calculate t(h).
3
Let s(x) be the first derivative of -x**4/4 - 2*x**3 - x**2/2 + 1. Let j be 1046/(-10) + 28/(-70). Let f be 660/j + 4/14. What is s(f)?
6
Let x(m) = 3*m - 2. Let t(y) be the first derivative of -7*y**2/2 + 4*y - 5. Let d(i) = -2*t(i) - 5*x(i). Let v be 0/(-3)*3/(-6). Calculate d(v).
2
Suppose 0 = -4*x + 13*x + 261. Let s = 37 + x. Let l(w) = 2*w - 10. Calculate l(s).
6
Let m(c) be the second derivative of 0*c**3 + 0 - 1/720*c**6 + 0*c**2 - 1/12*c**4 + 3*c - 1/30*c**5. Let g(u) be the third derivative of m(u). Give g(5).
-9
Let a be (-6)/(-27) + (-50)/(-18). Let w(o) = o**3 - o**3 + 1 - o**a - 2*o - 5*o**2 + 2. Let p be 4/10 - (-27)/(-5). Give w(p).
13
Let l(m) = -29*m**2 + 3*m + 34*m**2 + m**3 + 0*m**3 - 2*m - 7. Calculate l(-5).
-12
Let o(x) = 2*x**2 + 26*x - 3*x**2 - 27*x + 0*x**2. Let g(f) = -6*f**2 - 2*f + 3. Let l(d) = g(d) - 5*o(d). Suppose 0 = -2*q + q - 2. What is l(q)?
-7
Let a(s) = -s**2 + 5*s. Suppose 0 = h - 2*n + 8, 4*h + 20 + 4 = 4*n. Let j(d) be the third derivative of d**5/60 + d**4/8 + 8*d**2. Let k be j(h). What is a(k)?
4
Let d(t) be the first derivative of -3*t**2/2 + 96*t + 288. What is d(29)?
9
Let q(r) = 2*r**2 - 4. Let x(v) = -v**2 + 3. Suppose 37*j + 4 = 35*j. Let y(m) = j*q(m) - 3*x(m). Determine y(-1).
-2
Let b = -2 - 34. Let p = b + 38. Let j(s) = 1 + 2 - s**3 - 2*s + 2*s**3. Calculate j(p).
7
Suppose 4*k + 3*s - 59 = 0, 5*k - 3*s - 72 = -5*s. Let i = k - 14. Let h(t) = 2 - t + 8 - 1 - 5. What is h(i)?
4
Let s(q) = -7*q - 81. Let m be s(-11). Let y(k) = -3*k**2 - 5*k + 1. Give y(m).
-27
Suppose -a - 4 + 7 = 0. Suppose -10*g - 2 = -11*g. Let o(f) = 347*f**2 + f**3 - 352*f**2 - g + 6 + 2*f. Give o(a).
-8
Let q(c) = -c**3 - 3*c**2 + 4*c - 2. Let b be q(-4). Let l(t) = 5*t**2 - 1 + 508*t**3 + 5*t**2 - 7*t**2 - 509*t**3. Give l(b).
19
Let d(x) = 2*x + 2. Let y = -11 - -17. Suppose 5*p = 2*p + y. What is d(p)?
6
Let d(v) = -9*v + 6. Let z(o) = 8274 - 8274 - o. Let l(w) = -d(w) + 4*z(w). Give l(5).
19
Suppose 10*m = 6*m + 8. Suppose -5*i = -2*i + 4*k - 34, 17 = m*i - 3*k. Let n(w) = 2*w - 12*w + w + i*w + 3. What is n(-8)?
-5
Let h(j) = 2*j**2 - j + 1. Let v(f) = 5*f**2 - 3*f + 19. Let z(m) = 3*h(m) - v(m). Give z(0).
-16
Suppose 0 = 14*i + 462 - 602. Let z(w) = -3*w + 13. What is z(i)?
-17
Let x(a) = -3*a + 7. Let r(f) = -f + 3. Let d(s) = -2*r(s) + x(s). Determine d(5).
-4
Let i(f) = 14*f**2 + 17*f - 5. Let u(v) = -5*v**2 - 6*v + 2. Let b(h) = 4*i(h) + 11*u(h). Let q(z) = -z**3 - 11*z**2 + 13*z + 8. Let n be q(-12). Give b(n).
10
Let i(c) = c - 3. Let n(j) = -j. Let z(p) = -3*p + 4. Let m(h) = -4*n(h) + z(h). Let g be m(-6). Let v(d) = -d + 2. Let q(o) = g*i(o) - 3*v(o). Calculate q(-4).
-4
Let y(q) = 2*q - 14. Let h(s) = -1. Let d(j) = 42*h(j) - 3*y(j). Let c be d(-1). Let k(a) be the second derivative of a**3/3 - 3*a**2/2 - 2*a. Calculate k(c).
9
Suppose -2*w - 140 = m, -4*m + 3*w = 5*w + 590. Let r be 1/(-6) - m/(-180). Let v(i) = -4*i**3 - i. Determine v(r).
5
Let m(y) be the third derivative of -y**6/120 + y**5/10 - y**4/8 - y**3/6 - 21*y**2. What is m(6)?
-19
Let j(n) = -3*n. Let i be j(-1). Suppose -3*v + 2*a = -14, -2*v + 3*a + 7 = -9. Let y(m) = -i*m + 2*m - 9 + v. Determine y(-5).
-2
Let i(k) be the second derivative of -k**5/20 - 7*k**4/6 - 2*k**3 + 4*k**2 - 5*k - 10. What is i(-13)?
-5
Suppose 44*r - 36 = 8. Let k(f) = 10*f - 7. What is k(r)?
3
Let q(r) = r**2 - 12*r. Suppose 93 = 14*a - 75. Determine q(a).
0
Suppose 0 = 3*k + 15, 3*k + 42 = 4*l + k. Suppose -l*h = 14*h + 110. Let d(z) = z**3 + 5*z**2 - z - 5. Calculate d(h).
0
Let s be (40/(-16))/((-1)/(-2)). Let i(y) = y**2 + 9*y + 10. Give i(s).
-10
Let j(g) = 0 - 4 + g + 7. Let r be j(6). Let k(u) = -3*u + 5. Let h(t) = 7*t - 11. Let c(l) = r*k(l) + 4*h(l). Determine c(6).
7
Let g(a) = -a**3 + 4*a**2 + 4*a - 4. Let k(p) = -6*p**3 + 19*p**2 + 21*p - 21. Let f = -47 + 36.